{"id":5711,"date":"2017-09-28T12:20:28","date_gmt":"2017-09-28T12:20:28","guid":{"rendered":"https:\/\/demo.wpzoom.com\/inspiro-video\/?post_type=portfolio_item&#038;p=5711"},"modified":"2025-10-07T14:20:14","modified_gmt":"2025-10-07T14:20:14","slug":"agrofloresta-e-eu-com-isso","status":"publish","type":"portfolio_item","link":"https:\/\/8digitos.com.br\/en\/project\/agrofloresta-e-eu-com-isso\/","title":{"rendered":"Food Forest, and what do I have to do with it?"},"content":{"rendered":"<figure class=\"wp-block-image aligncenter size-large\"><img loading=\"lazy\" decoding=\"async\" width=\"1024\" height=\"576\" src=\"https:\/\/8digitos.com.br\/wp-content\/uploads\/2017\/09\/agrofloresta-e-eu-com-isso-1024x576.jpg\" alt=\"\" class=\"wp-image-6998\" srcset=\"https:\/\/8digitos.com.br\/wp-content\/uploads\/2017\/09\/agrofloresta-e-eu-com-isso-1024x576.jpg 1024w, https:\/\/8digitos.com.br\/wp-content\/uploads\/2017\/09\/agrofloresta-e-eu-com-isso-300x169.jpg 300w, https:\/\/8digitos.com.br\/wp-content\/uploads\/2017\/09\/agrofloresta-e-eu-com-isso-1536x864.jpg 1536w, https:\/\/8digitos.com.br\/wp-content\/uploads\/2017\/09\/agrofloresta-e-eu-com-isso-600x338.jpg 600w, https:\/\/8digitos.com.br\/wp-content\/uploads\/2017\/09\/agrofloresta-e-eu-com-isso-1200x675.jpg 1200w, https:\/\/8digitos.com.br\/wp-content\/uploads\/2017\/09\/agrofloresta-e-eu-com-isso-18x10.jpg 18w, https:\/\/8digitos.com.br\/wp-content\/uploads\/2017\/09\/agrofloresta-e-eu-com-isso.jpg 1920w\" sizes=\"auto, (max-width: 1024px) 100vw, 1024px\" \/><\/figure>\n\n\n\n<p>Food Forest \u2014 And Why Should I Care? offers a lighthearted look at the alarming climate crisis and the impacts we are already feeling in our daily lives.<\/p>\n\n\n\n<p><strong>Documentary series<\/strong><\/p>\n\n\n\n<ul class=\"wp-block-list\">\n<li>Selected by Spcine LPG \u2013 Production <em>(2023)<\/em><\/li>\n\n\n\n<li>Adult<em> \/ <\/em>Environmental \/ Comedy \/ Political<\/li>\n\n\n\n<li>Co-production with Lira Filmes<\/li>\n<\/ul>","protected":false},"excerpt":{"rendered":"<p>Agrofloresta, e eu com isso? prop\u00f5e um olhar bem-humorado sobre a alarmante crise clim\u00e1tica e seus impactos j\u00e1 sentidos no nosso cotidiano. S\u00e9rie documental<\/p>","protected":false},"author":1,"featured_media":7001,"parent":0,"template":"","meta":{"_wpzb_portfolio_video_type":"","_wpzb_portfolio_video_id":0,"_wpzb_portfolio_video_url":"","footnotes":""},"portfolio":[49],"class_list":["post-5711","portfolio_item","type-portfolio_item","status-publish","has-post-thumbnail","hentry","portfolio-documental"],"featured_media_urls":{"thumbnail":["https:\/\/8digitos.com.br\/wp-content\/uploads\/2017\/09\/agrofloresta-e-eu-com-isso-2-150x150.jpg",150,150,true],"medium":["https:\/\/8digitos.com.br\/wp-content\/uploads\/2017\/09\/agrofloresta-e-eu-com-isso-2-300x169.jpg",300,169,true],"medium_large":["https:\/\/8digitos.com.br\/wp-content\/uploads\/2017\/09\/agrofloresta-e-eu-com-isso-2.jpg",768,432,false],"large":["https:\/\/8digitos.com.br\/wp-content\/uploads\/2017\/09\/agrofloresta-e-eu-com-isso-2-1024x576.jpg",950,534,true],"1536x1536":["https:\/\/8digitos.com.br\/wp-content\/uploads\/2017\/09\/agrofloresta-e-eu-com-isso-2-1536x864.jpg",1536,864,true],"2048x2048":["https:\/\/8digitos.com.br\/wp-content\/uploads\/2017\/09\/agrofloresta-e-eu-com-isso-2.jpg",1920,1080,false],"trp-custom-language-flag":["https:\/\/8digitos.com.br\/wp-content\/uploads\/2017\/09\/agrofloresta-e-eu-com-isso-2-18x10.jpg",18,10,true],"inspiro-featured-image":["https:\/\/8digitos.com.br\/wp-content\/uploads\/2017\/09\/agrofloresta-e-eu-com-isso-2.jpg",1920,1080,false],"inspiro-loop":["https:\/\/8digitos.com.br\/wp-content\/uploads\/2017\/09\/agrofloresta-e-eu-com-isso-2-950x320.jpg",950,320,true],"inspiro-loop@2x":["https:\/\/8digitos.com.br\/wp-content\/uploads\/2017\/09\/agrofloresta-e-eu-com-isso-2-1900x640.jpg",1900,640,true],"portfolio_item-thumbnail":["https:\/\/8digitos.com.br\/wp-content\/uploads\/2017\/09\/agrofloresta-e-eu-com-isso-2-600x400.jpg",600,400,true],"portfolio_item-thumbnail@2x":["https:\/\/8digitos.com.br\/wp-content\/uploads\/2017\/09\/agrofloresta-e-eu-com-isso-2-1200x800.jpg",1200,800,true],"portfolio_item-masonry":["https:\/\/8digitos.com.br\/wp-content\/uploads\/2017\/09\/agrofloresta-e-eu-com-isso-2-600x338.jpg",600,338,true],"portfolio_item-masonry@2x":["https:\/\/8digitos.com.br\/wp-content\/uploads\/2017\/09\/agrofloresta-e-eu-com-isso-2-1200x675.jpg",1200,675,true],"portfolio_item-thumbnail_cinema":["https:\/\/8digitos.com.br\/wp-content\/uploads\/2017\/09\/agrofloresta-e-eu-com-isso-2-800x335.jpg",800,335,true],"portfolio_item-thumbnail_portrait":["https:\/\/8digitos.com.br\/wp-content\/uploads\/2017\/09\/agrofloresta-e-eu-com-isso-2-600x900.jpg",600,900,true],"portfolio_item-thumbnail_portrait@2x":["https:\/\/8digitos.com.br\/wp-content\/uploads\/2017\/09\/agrofloresta-e-eu-com-isso-2-1200x1080.jpg",1200,1080,true],"portfolio_item-thumbnail_square":["https:\/\/8digitos.com.br\/wp-content\/uploads\/2017\/09\/agrofloresta-e-eu-com-isso-2-800x800.jpg",800,800,true]},"_links":{"self":[{"href":"https:\/\/8digitos.com.br\/en\/wp-json\/wp\/v2\/portfolio_item\/5711","targetHints":{"allow":["GET"]}}],"collection":[{"href":"https:\/\/8digitos.com.br\/en\/wp-json\/wp\/v2\/portfolio_item"}],"about":[{"href":"https:\/\/8digitos.com.br\/en\/wp-json\/wp\/v2\/types\/portfolio_item"}],"author":[{"embeddable":true,"href":"https:\/\/8digitos.com.br\/en\/wp-json\/wp\/v2\/users\/1"}],"version-history":[{"count":2,"href":"https:\/\/8digitos.com.br\/en\/wp-json\/wp\/v2\/portfolio_item\/5711\/revisions"}],"predecessor-version":[{"id":7002,"href":"https:\/\/8digitos.com.br\/en\/wp-json\/wp\/v2\/portfolio_item\/5711\/revisions\/7002"}],"wp:featuredmedia":[{"embeddable":true,"href":"https:\/\/8digitos.com.br\/en\/wp-json\/wp\/v2\/media\/7001"}],"wp:attachment":[{"href":"https:\/\/8digitos.com.br\/en\/wp-json\/wp\/v2\/media?parent=5711"}],"wp:term":[{"taxonomy":"portfolio","embeddable":true,"href":"https:\/\/8digitos.com.br\/en\/wp-json\/wp\/v2\/portfolio?post=5711"}],"curies":[{"name":"wp","href":"https:\/\/api.w.org\/{rel}","templated":true}]}}

<p>Agrofloresta, e eu com isso? propõe um olhar bem-humorado sobre a alarmante crise climática e seus impactos já sentidos no nosso cotidiano. Série documental</p>
